 5*b. Suppose 5*i = -c + 144 - 2, 5*c - r = 4*i. What is the hundreds digit of c?
1
Let y = 1 + -4. Let d(f) = 0*f + 3*f**2 - 4*f - 14 + 10. What is the units digit of d(y)?
5
Let p(u) = 3*u**2 - 16*u - 9. Let q be p(-4). Suppose 485 = 4*i - q. What is the tens digit of i?
4
What is the thousands digit of 9/(-18)*6*3464/(-6)?
1
Let w(c) = -c**3 - 3*c**2 - c - 1. Let m be w(-3). What is the units digit of ((-11)/(-22))/(m/44)?
1
Let g be 7/((-7)/2) + 28. Suppose -10 = 5*o - 5*i, 0*i + g = 5*o + 4*i. Suppose -y - o = -12. What is the units digit of y?
0
Let s(r) = -r**3 - 4*r**2 + 5*r + 3. Let o be s(-5). Suppose j - 2*z - 44 = 0, -4*j = o*z + 90 - 266. What is the tens digit of j?
4
What is the thousands digit of 8 + -2 + -10 - (0 - 1030)?
1
Suppose -3*c + 599 = -2080. What is the hundreds digit of c?
8
Suppose -8250 = -11*p + p. What is the units digit of p?
5
Let k(w) = -2*w**3 - 4*w**2 - 3*w - 2. Let t be k(-2). Suppose -l - 2*l + 23 = t*v, -4*l = 3*v - 26. Suppose 2*g = -v*g + 92. What is the units digit of g?
3
Suppose 3*n = -0*c - 5*c - 16, 2*c + 2 = n. What is the units digit of (-2)/c + (-2 - -11)?
0
Let f(k) = k**2 - 7*k - 5. Suppose -35 = -5*w + 5*c, 5*w + 3*c = -c + 80. Let n be (6/w)/((-2)/(-44)). What is the units digit of f(n)?
9
Suppose -3*o = -o - 26. Suppose o*u - 9*u - 76 = 0. What is the tens digit of u?
1
Let r be 5/((-60)/(-28))*3. Let m(h) = 5*h**2 - 3*h + 5. Let w be m(5). Suppose -2*o - w = -r*o. What is the units digit of o?
3
Let r be 1*(-10)/((-6)/3). Suppose 0 = -n - 5*b + 27, -r*b = 2 - 27. Suppose 2*d - 4*d + 130 = 4*p, 35 = p - n*d. What is the tens digit of p?
3
Let h(s) = 7*s**2 - 2*s + 9. Let v(r) = -5*r**2 + r - 6. Let x(f) = -5*h(f) - 8*v(f). Let c be x(-2). Let l = c + -11. What is the units digit of l?
8
Let o = -239 + 1368. Suppose r - 5*y - 298 = 0, y - 2*y = 4*r - o. What is the tens digit of r?
8
Let y(s) = s**3 + 4*s**2 - 5*s + 1. Let u be y(-6). Let g = u - -87. Suppose 0 = 5*w - 176 + g. What is the tens digit of w?
2
Suppose 0 = -3*d - o + 2417, -5*d - 2*o + 4027 = -0*d. What is the hundreds digit of d?
8
Let c(z) = 2*z**2 + 11*z - 16. Let g be c(-7). What is the units digit of (-44)/g*(-1)/((-2)/(-75))?
0
Suppose 3*u = 5*o - 10, -8 = 2*o - 6*o - 5*u. Suppose o*i + 18 = 8*i. Suppose -k + 4*p = i*k - 248, -4*p + 337 = 5*k. What is the tens digit of k?
6
What is the tens digit of -8*(-2 - -1)/(48/4068)?
7
Let c be -1*1 - (-2 - 11). Let r(m) = -m**3 + 13*m**2 - 9*m - 16. Let j be r(c). What is the tens digit of (-5)/j + (-114)/(-8)?
1
Let u(g) = 5*g**3 - 5*g**2 + 3*g - 7. Let d be u(4). Suppose -24 = -y - 3*k, -5*y - 86 = 2*k - d. What is the units digit of y?
3
Let d = -198 - -60. Let a = d - -98. Let r = -11 - a. What is the units digit of r?
9
Let c(w) = -w**2 + 12*w. Let j be c(7). What is the tens digit of (34/3)/(1 - j/45)?
5
Suppose d + 8*d - 15660 = 0. What is the tens digit of d?
4
Let p(m) = 0*m - m + 7 - 3. Let n(w) = -2*w + 9. Let a be n(8). What is the tens digit of p(a)?
1
Let y(h) = 2 + 23*h - 15 + 7. Let v(w) = 47*w - 11. Let f(r) = 3*v(r) - 5*y(r). What is the units digit of f(2)?
9
Let z = 3770 + -1372. What is the units digit of z?
8
Let x(k) = 6*k - 13. Let t be x(6). Suppose -3*r + f + t = 2*r, 0 = -4*r + 5*f + 10. Let s = 20 - r. What is the units digit of s?
5
Let k(q) = q**2 + 2*q - 23. Let p be k(-6). Let f = 32 + -52. What is the tens digit of p + 0 + -3 - f?
1
Let j = -400 + 1038. What is the hundreds digit of j?
6
Suppose 16 = 4*b, 0 = w + 2*b - 0*b - 610. What is the hundreds digit of w?
6
Let a = 7 + -13. Let f be (-23)/a - (-3)/18. Suppose f*y - 3*d - 2 = 3*y, -y - d = -14. What is the units digit of y?
1
Let f(r) be the first derivative of -r**2 + 16*r + 30. Suppose -7 = 5*d + 28. What is the units digit of f(d)?
0
Let p = 12 - 11. Let n be p - (-1 + 2) - -4. Let w(o) = 2*o**2 + 2*o - 2. What is the tens digit of w(n)?
3
Let s(o) = o**3 - 10*o**2 + 19*o + 22. Let g be s(9). Suppose 2*c - g = -4*i, 10*c = 9*c - 3*i + 55. What is the tens digit of c?
5
Let r(a) = -1 - a**2 + 2*a + 3*a**2 + 5 - 5. Let i(c) = -c**3 + 3*c**2 + 6*c - 4. Let m be i(4). What is the tens digit of r(m)?
3
Suppose -2736 = -6*u - 0*u. Let t(x) = -x**3 + 5*x**2 + 7*x - 4. Let z be t(6). Suppose 8*m - z*m = u. What is the units digit of m?
6
Let x(f) = f**3 + 25*f**2 + 4*f + 13. Let t(n) = n**2 + 8*n**2 + 3 + n - 3*n**2. Let p(w) = -9*t(w) + 2*x(w). What is the tens digit of p(4)?
5
Suppose 0 = -d - d. Let r = 4 + d. Suppose -27 = -r*s + 13. What is the tens digit of s?
1
Let r = -14 - -9. Let v(s) = 2*s**2 + s + 7. What is the tens digit of v(r)?
5
Let o(t) = 48*t - 2. Let d be o(2). Let g = 143 - d. Suppose 2*k = 7 + g. What is the tens digit of k?
2
Let r(c) = 5*c**2 - 9*c + 25. What is the tens digit of r(-10)?
1
Let p = -53 + 41. Let i = p - -25. What is the units digit of i?
3
Suppose 5*a - 2*y + 23 = y, -3*a - 13 = -2*y. Let p(v) = -2*v + 14. Let z be p(a). What is the units digit of z - (-6*1 - -2)?
2
Let m be (-5)/(15/(-12)) - 5. What is the units digit of (-9 - -7)*(-16 - m)?
0
Let i(x) = 5*x**2 + 9*x - 6. Let u be (-4)/6 + (130/(-6))/5. What is the units digit of i(u)?
4
Let k(v) = -2*v - 10. Let u be k(-7). Let s(q) be the first derivative of -q**4/4 + 8*q**3/3 - 3*q**2 + 4*q + 32. What is the tens digit of s(u)?
4
Suppose 4*n - 23 = -u, -2*u + 16 = 3*n - n. Suppose -3*c = 2*q - 228, -3*q = -7*q + n*c + 500. What is the units digit of q?
0
Let o(l) = 236*l + 273. What is the tens digit of o(10)?
3
Suppose -2*x - 205 - 51 = 4*b, 2*x - 2*b + 268 = 0. Let r = -75 - x. What is the tens digit of r?
5
Let z(s) be the first derivative of -4*s**2 + 34*s + 43. What is the hundreds digit of z(-10)?
1
Let y = -11 + 16. Suppose 0 = y*d - 10*d + 310. Suppose d - 21 = 2*o - v, 5*v + 25 = 0. What is the units digit of o?
8
Let c = -29 + 41. Suppose -c*i - 574 + 2518 = 0. What is the tens digit of i?
6
Suppose 0*g - 5*g - 4*h + 426 = 0, 0 = 2*g + 5*h - 184. Suppose 5*d + g + 14 = x, -3*x + 223 = -2*d. What is the units digit of x?
1
Suppose 12*q = 21*q - 8685. What is the tens digit of q?
6
Let g = 104 - 74. Suppose -g = -3*r - 2*h, 14 - 4 = r - 2*h. What is the units digit of r?
0
Let n = 1287 - 289. What is the tens digit of n?
9
Suppose -959 + 5 = -m. What is the units digit of m?
4
Let s = -59 + 71. What is the tens digit of 5 + 212/s - 8/(-6)?
2
Suppose 0 = -2*u + 19 - 21. Let l be u/(-1 - -3)*8. Let z = 3 - l. What is the units digit of z?
7
Let g(o) = -2*o - 4. Let b be g(-3). Suppose b*p = c - 9, -4*c + 8 = 3*p - 4*p. What is the tens digit of (-1*c)/((-6)/150)?
2
What is the thousands digit of 1547 - 4/(-4)*1?
1
Let h be 3/(-18) + (-11236)/(-24). Suppose 4*f = -2*g + h, -2*g + 4*g = -f + 453. What is the tens digit of 4/(-10) + g/10?
2
Suppose 7*j - 714 = 1533. What is the hundreds digit of j?
3
Let g = -147 - -147. Suppose 0 = -g*x - 2*x + 520. What is the hundreds digit of x?
2
Let n(a) = -3*a - 9. Let h be n(-4). Suppose h*g - 302 = -26. What is the tens digit of g?
9
Let h be (11 + -9)*(-1)/2. What is the units digit of (35*7 + 1)*h/(-3)?
2
Suppose 2*j - 13*g = 15905 - 3177, -3*j + 19092 = -2*g. What is the thousands digit of j?
6
Let i = 36 - 18. Suppose r = -3*w + 4*w + 14, -2*w = -r + i. What is the tens digit of r?
1
What is the hundreds digit of 8/(-24) - 17810/(-15)?
1
Let l = -70 - -176. What is the units digit of l?
6
Suppose 4*q = 8, 10*a - 7399 = 5*a - 2*q. What is the tens digit of a?
7
Let y(g) = g + 4. Let n be y(8). Suppose 0 = -n*p + 16*p - 232. What is the units digit of p?
8
Let u be (8/10)/((-2)/15). Let y be ((-12)/9)/(4/u). Suppose -y*p = -4*k + 10, -4*p + 5*p + 9 = 3*k. What is the units digit of k?
4
Suppose 5*y - 1166 = 4*n, 0 = 3*y - 3*n - n - 706. Let i = -132 + y. What is the tens digit of i?
9
Let f(x) = 201*x - 17. What is the tens digit of f(2)?
8
Let f(l) = 4*l**3 + 5*l**2 + 1. Let r be f(4). Suppose 0 = 3*o - 0*o - 2*p - 197, -p + r = 5*o. Let h = 99 - o. What is the tens digit of h?
3
Let o = 8 + -8. Suppose 4*j = -o*j. Suppose -5 = 5*f, -4*g - 2*f + j*f + 66 = 0. What is the units digit of g?
7
Let i(r) = -r**3 - 47*r**2 + 48*r + 243. What is the units digit of i(-49)?
3
Suppose 3*m = -5*w + 34, 3*m + w = 5*w - 11. Suppose -m = 3*i + 6. Let p(b) = -6*b + 